{"id":380,"date":"2018-12-18T13:18:46","date_gmt":"2018-12-18T12:18:46","guid":{"rendered":"https:\/\/www.fischer-stgb.de\/fischer\/?page_id=380"},"modified":"2019-02-01T12:27:43","modified_gmt":"2019-02-01T11:27:43","slug":"fischers-kleine-presseschau-www-meedia-de","status":"publish","type":"page","link":"https:\/\/www.fischer-stgb.de\/fischer\/fischers-kleine-presseschau-www-meedia-de\/","title":{"rendered":"Fischers kleine Presseschau, www.meedia.de"},"content":{"rendered":"<p><strong>Fischers kleine Presseschau, www.meedia.de<br \/>\n<\/strong><br \/>\nFolge 1 (31.08.2018): Im tiefen Meer des extrem professionellen Journalismus <a href=\"https:\/\/meedia.de\/2018\/08\/31\/fischers-kleine-presseschau-folge-1-im-tiefen-meer-des-extrem-professionellen-journalismus\/\" target=\"_blank\" rel=\"noopener\">Zum Artikel<\/a><br \/>\nFolge 2 (08.09.-2018): Kriegsberichterstatter in Mittelsachsen und der Schwachsinn des Immer Mehr <a href=\"https:\/\/meedia.de\/2018\/09\/06\/fischers-kleine-presseschau-folge-2-kriegsberichterstatter-in-mittelsachsen-und-der-schwachsinn-des-immer-mehr\/\" target=\"_blank\" rel=\"noopener\">Zum Artikel<\/a><br \/>\nFolge 3 (05.10.2018): Haltung gegen \u201cdie da oben\u201d: vom Elend des politischen Kabaretts und dem Populismus des Besserwissens <a href=\"https:\/\/meedia.de\/2018\/10\/05\/haltung-gegen-die-da-oben-vom-elend-des-politischen-kabaretts-und-dem-populismus-des-besserwissens\/\" target=\"_blank\" rel=\"noopener\">Zum Artikel<\/a><br \/>\nFolge 4 (17.10.2018): Paragraf 219a, eine \u00c4rztin, ihr Richter und die Medien: Warum Desinformation kein Privileg der Lokalpresse ist <a href=\"https:\/\/meedia.de\/2018\/10\/17\/paragraf-219a-eine-aerztin-ihr-richter-und-die-medien-warum-desinformation-kein-privileg-der-lokalpresse-ist\/\" target=\"_blank\" rel=\"noopener\">Zum Artikel<\/a><br \/>\nFolge 5 (02.11.2018): Trump Idiot, Welt in Gefahr, Klima krepiert: vom Sound der Welterkenntnis in Susanne Daubners Teleprompter <a href=\"https:\/\/meedia.de\/2018\/11\/02\/trump-idiot-welt-in-gefahr-klima-krepiert-vom-sound-der-welterkenntnis-in-susanne-daubners-teleprompter\/\" target=\"_blank\" rel=\"noopener\">Zum Artikel<\/a><br \/>\nFolge 6 (19.11.2018): Fischers kleine Presseschau: Diesel-Depression in der FAZ und Dieter Nuhrs Hohn-Gipfel in der ARD-Themenwoche <a href=\"https:\/\/meedia.de\/2018\/11\/19\/diesel-depression-in-der-faz-und-dieter-nuhrs-hohn-gipfel-in-der-ard-themenwoche-gerechtigkeit\/\" target=\"_blank\" rel=\"noopener\">Zum Artikel<\/a><br \/>\nFolge 7 (30.11.2018): Fischers kleine Presseschau: Bundesrichter im Rutsch-Modus und die Vorliebe der AfD zu Volks-Richtern <a href=\"https:\/\/meedia.de\/2018\/11\/30\/fischers-kleine-presseschau-bundesrichter-im-rutsch-modus-und-die-vorliebe-der-afd-zu-volks-richtern\/\" target=\"_blank\" rel=\"noopener\">Zum Artikel<\/a><br \/>\nFolge 8 (13.12.2018): Warum die B\u00fcrger die Geiseln derer sind, die sie betr\u00fcgen und Correctiv-Enth\u00fcller den Knast nicht f\u00fcrchten m\u00fcssen <a href=\"https:\/\/meedia.de\/2018\/12\/13\/warum-die-buerger-die-geiseln-derer-sind-die-sie-betruegen-und-correctiv-enthueller-den-knast-nicht-fuerchten-muessen\/\" target=\"_blank\" rel=\"noopener\">Zum Artikel<\/a><br \/>\nFolge 9 (27.12.2018): Preisgekr\u00f6nte Frauenfreunde <a href=\"https:\/\/meedia.de\/2018\/12\/27\/preisgekroente-frauenfreunde-thomas-fischers-rueckschau-auf-ein-medienjahr-der-skandale-von-wedel-bis-relotius\/\" target=\"_blank\">Zum Artikel<\/a><br \/>\nFolge 10 (12.01.2019): Die Verselbst\u00e4ndigung des \u201eWarnens\u201c und \u201eVerabscheuens\u201c <a href=\"https:\/\/meedia.de\/2019\/01\/11\/die-verselbststaendigung-des-warnens-und-verabscheuens-medien-als-reflexmaschinen-von-vorurteilen\/\" target=\"_blank\">Zum Artikel<\/a><\/p>\n","protected":false},"excerpt":{"rendered":"<p>Fischers kleine Presseschau, www.meedia.de Folge 1 (31.08.2018): Im tiefen Meer des extrem professionellen Journalismus Zum Artikel Folge 2 (08.09.-2018): Kriegsberichterstatter in Mittelsachsen und der Schwachsinn des Immer Mehr Zum Artikel Folge 3 (05.10.2018): Haltung gegen \u201cdie da oben\u201d: vom Elend des politischen Kabaretts und dem Populismus des Besserwissens Zum Artikel Folge 4 (17.10.2018): Paragraf 219a, [&hellip;]<\/p>\n","protected":false},"author":1,"featured_media":0,"parent":0,"menu_order":0,"comment_status":"closed","ping_status":"closed","template":"","meta":{"footnotes":""},"class_list":["post-380","page","type-page","status-publish","hentry"],"_links":{"self":[{"href":"https:\/\/www.fischer-stgb.de\/fischer\/wp-json\/wp\/v2\/pages\/380","targetHints":{"allow":["GET"]}}],"collection":[{"href":"https:\/\/www.fischer-stgb.de\/fischer\/wp-json\/wp\/v2\/pages"}],"about":[{"href":"https:\/\/www.fischer-stgb.de\/fischer\/wp-json\/wp\/v2\/types\/page"}],"author":[{"embeddable":true,"href":"https:\/\/www.fischer-stgb.de\/fischer\/wp-json\/wp\/v2\/users\/1"}],"replies":[{"embeddable":true,"href":"https:\/\/www.fischer-stgb.de\/fischer\/wp-json\/wp\/v2\/comments?post=380"}],"version-history":[{"count":5,"href":"https:\/\/www.fischer-stgb.de\/fischer\/wp-json\/wp\/v2\/pages\/380\/revisions"}],"predecessor-version":[{"id":404,"href":"https:\/\/www.fischer-stgb.de\/fischer\/wp-json\/wp\/v2\/pages\/380\/revisions\/404"}],"wp:attachment":[{"href":"https:\/\/www.fischer-stgb.de\/fischer\/wp-json\/wp\/v2\/media?parent=380"}],"curies":[{"name":"wp","href":"https:\/\/api.w.org\/{rel}","templated":true}]}}

<p><strong>Fischers kleine Presseschau, www.meedia.de<br />
</strong><br />
Folge 1 (31.08.2018): Im tiefen Meer des extrem professionellen Journalismus <a href="https://meedia.de/2018/08/31/fischers-kleine-presseschau-folge-1-im-tiefen-meer-des-extrem-professionellen-journalismus/" target="_blank" rel="noopener">Zum Artikel</a><br />
Folge 2 (08.09.-2018): Kriegsberichterstatter in Mittelsachsen und der Schwachsinn des Immer Mehr <a href="https://meedia.de/2018/09/06/fischers-kleine-presseschau-folge-2-kriegsberichterstatter-in-mittelsachsen-und-der-schwachsinn-des-immer-mehr/" target="_blank" rel="noopener">Zum Artikel</a><br />
Folge 3 (05.10.2018): Haltung gegen “die da oben”: vom Elend des politischen Kabaretts und dem Populismus des Besserwissens <a href="https://meedia.de/2018/10/05/haltung-gegen-die-da-oben-vom-elend-des-politischen-kabaretts-und-dem-populismus-des-besserwissens/" target="_blank" rel="noopener">Zum Artikel</a><br />
Folge 4 (17.10.2018): Paragraf 219a, eine Ärztin, ihr Richter und die Medien: Warum Desinformation kein Privileg der Lokalpresse ist <a href="https://meedia.de/2018/10/17/paragraf-219a-eine-aerztin-ihr-richter-und-die-medien-warum-desinformation-kein-privileg-der-lokalpresse-ist/" target="_blank" rel="noopener">Zum Artikel</a><br />
Folge 5 (02.11.2018): Trump Idiot, Welt in Gefahr, Klima krepiert: vom Sound der Welterkenntnis in Susanne Daubners Teleprompter <a href="https://meedia.de/2018/11/02/trump-idiot-welt-in-gefahr-klima-krepiert-vom-sound-der-welterkenntnis-in-susanne-daubners-teleprompter/" target="_blank" rel="noopener">Zum Artikel</a><br />
Folge 6 (19.11.2018): Fischers kleine Presseschau: Diesel-Depression in der FAZ und Dieter Nuhrs Hohn-Gipfel in der ARD-Themenwoche <a href="https://meedia.de/2018/11/19/diesel-depression-in-der-faz-und-dieter-nuhrs-hohn-gipfel-in-der-ard-themenwoche-gerechtigkeit/" target="_blank" rel="noopener">Zum Artikel</a><br />
Folge 7 (30.11.2018): Fischers kleine Presseschau: Bundesrichter im Rutsch-Modus und die Vorliebe der AfD zu Volks-Richtern <a href="https://meedia.de/2018/11/30/fischers-kleine-presseschau-bundesrichter-im-rutsch-modus-und-die-vorliebe-der-afd-zu-volks-richtern/" target="_blank" rel="noopener">Zum Artikel</a><br />
Folge 8 (13.12.2018): Warum die Bürger die Geiseln derer sind, die sie betrügen und Correctiv-Enthüller den Knast nicht fürchten müssen <a href="https://meedia.de/2018/12/13/warum-die-buerger-die-geiseln-derer-sind-die-sie-betruegen-und-correctiv-enthueller-den-knast-nicht-fuerchten-muessen/" target="_blank" rel="noopener">Zum Artikel</a><br />
Folge 9 (27.12.2018): Preisgekrönte Frauenfreunde <a href="https://meedia.de/2018/12/27/preisgekroente-frauenfreunde-thomas-fischers-rueckschau-auf-ein-medienjahr-der-skandale-von-wedel-bis-relotius/" target="_blank">Zum Artikel</a><br />
Folge 10 (12.01.2019): Die Verselbständigung des „Warnens“ und „Verabscheuens“ <a href="https://meedia.de/2019/01/11/die-verselbststaendigung-des-warnens-und-verabscheuens-medien-als-reflexmaschinen-von-vorurteilen/" target="_blank">Zum Artikel</a></p>
